t y be 1/2 - 30/(-12). Let v(c) = -3*c + 8*c + 3*c**3 - 4*c**y - 4*c**2 - 3. Suppose 3*w - 88 = -103. Give v(w).
-3
Let r(d) = 1 + 1344*d - 672*d - 677*d. What is r(-4)?
21
Let d(f) = f + 2. Let v(z) = -z**2 - 10*z - 6. Let q be v(-8). Suppose -15 = -3*h, -5*w + q*w + 5*h = -40. Let b = w + 8. Calculate d(b).
-3
Let p(a) be the first derivative of 3*a**2/2 + a - 1. Let u be 4 - 2 - (5 - 4). Calculate p(u).
4
Let a(d) = d**2 + 5*d - 3. Let k = -109 - -75. Let g = k - -29. What is a(g)?
-3
Let u(d) = -d + 9. Let v(c) = -c**3 - 8*c**2 - c - 6. Let g be v(-8). Suppose -2*b - 2*x = x + 15, g*b = -4*x - 20. Give u(b).
9
Let p(t) = 283 + 285 - 5*t - 567. Give p(2).
-9
Let g(w) = w + 1. Let r(a) = 4*a + 8. Let b(u) = 5*g(u) - r(u). Suppose -43*z + 9 = -46*z, -5*i = -5*z - 45. Calculate b(i).
3
Suppose 0 = 5*g + 2*w + 8 - 78, -2*g + 29 = w. Let f(t) = 2*t**3 - 3*t**3 + 5*t**2 - g - 4*t**2 + 7*t**2 + 2*t. What is f(8)?
4
Let f(o) be the third derivative of -o**5/15 + 7*o**4/4 + 29*o**3/3 - 6*o**2. Let z(q) = -3*q**2 + 28*q + 39. Let l(s) = -5*f(s) + 7*z(s). Calculate l(-13).
-4
Let t(s) = -3*s - 8. Suppose -i - 3*u = 3*i + 10, 2*i + 16 = 4*u. Determine t(i).
4
Let z(x) = -7*x + 14. Let h(y) = 8*y - 16. Let v(r) = 6*h(r) + 7*z(r). Let f be (-1 - (-1)/2)*-4. Give v(f).
0
Let u = 54 + -45. Let g be (-2)/(-9) - (-16)/u. Let r(x) = -2*x + 4. Let l(f) = 2*f - 5. Let s(k) = 3*l(k) + 4*r(k). Give s(g).
-3
Suppose 2*d - 5*a = -2*a - 2, -4*d - a - 18 = 0. Let u(o) be the first derivative of -5 - 2*o - 1/3*o**3 - 3/2*o**2. Determine u(d).
-6
Let h(c) be the first derivative of c**4/2 + c**3/3 + 14. Let y(s) = -s**2 - 9*s + 3. Let b be y(-10). Let w = 8 + b. Determine h(w).
3
Let c(a) be the second derivative of -3/2*a**2 - 1/2*a**3 + 0 + 9*a - 1/12*a**4. Give c(-3).
-3
Let f(g) be the first derivative of g**4/12 - g**3/2 + g**2 - 33*g - 23. Let h(j) be the first derivative of f(j). Determine h(2).
0
Let d(l) = l**3 - 6*l**2 + 8*l - 7. Let s be d(5). Let x(y) = -3*y + 3*y**2 - y**3 + 1 - 2 - s*y**2 - 5. What is x(-5)?
9
Let l(p) = 13*p - 20*p + 5 - p**3 - 36*p**2 + 44*p**2. Calculate l(7).
5
Suppose -3*m - 2*m + 25 = 5*v, m + 1 = 5*v. Suppose 2*p - 26 = -4*i, 15 = 5*i - 2*i. Let a(n) = 0*n**3 + 0*n**p + 0 + 7*n + n**3 - 6 - 5*n**2. Determine a(m).
6
Let m(g) = -g**2 - 7*g - 5. Let u = 8 + -11. What is m(u)?
7
Let z(t) = 20*t. Suppose 16*r - 15*r - 3 = l, -l - 3*r + 17 = 0. Give z(l).
40
Let w(v) = 0*v - 3*v + 5*v + v**2. Let l(h) = -6*h - h + 6 + 3*h + 2*h. Let j be l(4). Give w(j).
0
Let f(k) = 18*k + 1. Let p(m) = 15*m - 1 - 6*m - 4*m - 24*m. Let g(y) = 7*f(y) + 6*p(y). Give g(1).
13
Let s(c) = -c**3 - 4*c**2 + 5. Let v be s(-4). Suppose -d + 7*z - 11*z = 6, -2*d + 3*z = -10. Let p(m) = v + m**d - 7*m + 6 - 4. Give p(6).
1
Let o(l) = 3*l**3 + 28*l**2. Let m(x) = x**3 + 10*x**2. Let d(y) = -17*m(y) + 6*o(y). What is d(-2)?
-16
Let o = -134 - -138. Suppose 0 = -o*z - 6*d + 3*d - 3, 2*d = -2. Let u(t) = -t + 4. What is u(z)?
4
Let o(y) = -6*y - 3. Let p = -24 - -26. Suppose 2*i - 3*n = i + 9, -p*i + 4*n = -16. Let m(v) = -1. Let q(w) = i*m(w) - 2*o(w). Calculate q(-1).
-12
Let r = -1 - -4. Let f(b) = -3*b - 2*b - 2*b - 4 + 4*b + 4*b. Give f(r).
-1
Let u(w) = 4*w**2 - 7*w + 5. Let g be u(2). Suppose -24 = g*p - p. Let q(y) = y**2 + y. What is q(p)?
12
Let b(p) = -p**2 - p - 5. Let a = -51 + 56. Suppose -4*z + 2*l = -a + 15, -5*z - 10 = -3*l. Give b(z).
-25
Suppose n - 4*h = 13, 3*n + h = 2*h + 6. Let j(c) = -c - 33. Let o(p) = -p - 19. Let r(k) = -4*j(k) + 7*o(k). Determine r(n).
-4
Let t be 70/(-21)*(-6)/(-4). Let p(r) = r**3 + 3*r**2 - 5*r + 7. Determine p(t).
-18
Let q be (4/6)/(6/54). Let c(j) = -j - 18 + q + 8. What is c(-5)?
1
Let y(k) be the first derivative of k**4/4 - k**3/3 - k**2 - 4*k + 27. Calculate y(3).
8
Let y(f) = -2*f + 4. Let n be (-4)/(-26) + (-180)/(-13). Suppose -11*w = -13*w + n. Determine y(w).
-10
Let d(h) = 2*h + 9. Let z = -1282 - -1276. Calculate d(z).
-3
Let y = -7 - -30. Let p = 38 - y. Suppose -l = -2*d + 10, 3*l + d = -2*d + p. Let g(j) = -j. Give g(l).
0
Let n(l) be the first derivative of -l**5/30 + 19*l**3/3 - 9. Let r(q) be the third derivative of n(q). Calculate r(-1).
4
Let o(j) = -11 + 33 - 15 + 0*j**3 + j**3 + 2*j**2 - 11*j**2. Determine o(9).
7
Let v(m) = -m**3 - 5*m**2 + 2*m + 7. Let o(j) be the third derivative of -j**6/120 + j**5/12 + 5*j**4/24 + j**3/6 + 9*j**2. Let k be o(6). What is v(k)?
-3
Let k(c) be the second derivative of c**4/12 + 4*c**2 - 6*c. Let y(u) = -u + 5. Let n(d) = -d**2 - 9*d - 9. Let g be n(-7). Let s be y(g). Determine k(s).
8
Let t(q) = 7. Let v(w) = -2*w - 3. Let x(m) = -2*t(m) - v(m). Determine x(3).
-5
Let x(f) = -2*f**3 + 6*f**2 + 17*f - 10. Let m(y) = -y**3 + 3*y**2 + 8*y - 5. Let z(j) = 7*m(j) - 3*x(j). What is z(4)?
-1
Suppose -23*u + 18*u + 40 = 0. Let j(v) = v**3 - 9*v**2 + 8*v + 10. What is j(u)?
10
Let k(h) be the second derivative of -h**5/20 + h**4/2 - h**3/3 + h**2 - 2*h - 6. What is k(6)?
-10
Let c(j) = j**3 + 4*j**2 - 1. Let t(a) = -a**2 + 12*a - 9. Let s be t(11). Suppose -3*u - i - s = 0, i = 4*u + 1 + 11. Calculate c(u).
7
Suppose 4*l = -4*l + 24. Let f be l/(-3) + 0 + (-3 - 0). Let g(z) = z**2 + 2*z - 4. Calculate g(f).
4
Let v(u) be the third derivative of u**5/12 - u**4/24 - u**3/3 + 30*u**2. What is v(-2)?
20
Let g(o) = 5*o - 6. Let t be ((-200)/140)/(8/28). What is g(t)?
-31
Let x(s) = s**2 - 14*s + 56. Let i be x(8). Let z(t) = 4*t - 13. Let b(u) = -11*u + 38. Let g(r) = 3*b(r) + 8*z(r). Calculate g(i).
2
Let g(r) = -r**3 + 5*r**2 - 2*r - 5. Let l be g(3). Let c(a) = a**2 - 5*a - 2. What is c(l)?
12
Let b(p) = -5*p**3 + 5*p**2 + 5*p - 23. Let w(c) = 9*c**3 - 9*c**2 - 9*c + 44. Let v(s) = -11*b(s) - 6*w(s). What is v(0)?
-11
Let g(k) = -18 - 14*k - 11 - 12 + 3*k**2 + 1 + 20. Calculate g(6).
4
Let q(l) = -2*l + 4. Let g = 1 - -31. Suppose -5*z - 2 + g = 0. Calculate q(z).
-8
Suppose 19 = -2*r + 5*t, 5*t - 14 = -r - 1. Let z(n) = -3*n**2 - n - 2. What is z(r)?
-12
Let c(h) = -8 - 18*h**2 - 18*h**2 + 44*h**2 - h**3 - 7*h + 2*h**3 + 3. Determine c(-9).
-23
Let j(y) be the third derivative of y**6/120 + y**5/30 + y**4/24 + y**3/6 - 43*y**2. Let h = 20 + -22. Calculate j(h).
-1
Suppose 4*t - 2*t = -44. Let n = -20 - t. Let r(a) = -n*a - a**2 - 3*a - 240 + 239. Calculate r(-6).
-7
Suppose -4*n = -2*m - 26, -15*m - 4 = -11*m + 4*n. Let g(u) = u**3 + 4*u**2 - 8*u - 4. What is g(m)?
11
Let n(d) be the first derivative of d**3/3 - 5*d**2/2 + 8*d - 1. Let a = -1466 - -1472. Give n(a).
14
Let z(s) = 3*s + 2. Let v(o) = o**2 + 8*o - 12. Let m = 0 - 9. Let u be v(m). Determine z(u).
-7
Let b(k) be the second derivative of -k**4/12 - 11*k**3/6 - 7*k**2 + 5*k + 6. Calculate b(-8).
10
Let p be (2 + -1)/(-1) + 0. Let o = -6 - p. Let u(r) = 3*r - 3. Let j(m) = 1. Let w(b) = -5*j(b) - u(b). Calculate w(o).
13
Let r be -9*(-3)/9 - 0. Let k(q) = q**2 - r - 6 + 3 + 4 + q. What is k(-3)?
4
Let a(m) = m**3 - 2*m**2 - 2*m - 4. Let o be (-2)/(-9) + 442/117. Suppose -36 = -o*d - 5*d. What is a(d)?
20
Let r(n) = 8*n. Let h = -20 - -15. Let c be (-2)/h*(-25)/5 - 1. Give r(c).
-24
Let a = -210 + 107. Let h = -103 - a. Let z(k) = k**3 + 6. Give z(h).
6
Let n(s) = -6*s**3 + s**2 - 9*s - 2. Let t(h) = -18*h**3 + 2*h**2 - 25*h - 6. Let i(v) = 8*n(v) - 3*t(v). Give i(-1).
-5
Let a(s) = 2*s - 4. Let m be a(4). Let v(j) = 1 - 6 - 3*j + m + 2*j. What is v(-4)?
3
Let t(f) be the third derivative of f**4/12 + 10*f**3/3 - 2*f**2 + 7. Calculate t(-9).
2
Let x(w) = 3 - 1 + 5 + w. Let s be 6/36*-5*12/2. What is x(s)?
2
Suppose 0 = 5*t + 2*p - 650, 0*p = t + 2*p - 138. Suppose 53 = -5*a + t. Suppose a - 8 = -z. Let v(m) = -m**2 - 8*m + 4. Determine v(z).
11
Let x(u) be the first derivative of 10 - 2/3*u**3 - 1/12*u**4 + 0*u + 1/2*u**2. Let n(j) be the second derivative of x(j). Give n(-4).
4
Let b(k) = -7*k - 17. Let r = -16 - -11. Let u = r - 0. Let x(m) = -4*m - 9. Let z(n) = u*x(n) + 3*b(n). Calculate z(-6).
0
Let z be ((-2)/(-6)*0)/(-3). Let f(p) = 13 + p - 30 + 14. What is f(z)?
-3
Suppose 6 = 4*m + 26, -3*t - 5*m - 10 = 0. Suppose -8*c = -4*c - 3*w + 19, -3*c - t*w - 7 = 0. Let f(d) = -d**2 - 5*d - 4. Calculate f(c).
0
Suppose -19 + 34 = r. Let y = r - 18. Let q(z) = -3*z**2 + 5*z + z**3 + 0*z + 7*z**2 + 3. Give 